b) prime?
False
Let o(x) = -x**3 + 4*x**2 - 2*x - 1. Let y be o(2). Suppose 0*p - 5*s = p - 161, 0 = -y*p + 2*s + 415. Is p composite?
True
Let i be 20*(10/4 + -3). Let k(u) = -u**3 - 8*u**2 + 6*u + 5. Is k(i) a composite number?
True
Suppose 2*b - 10 = -0*b. Suppose p + b = 2*p. Let w = p + 2. Is w prime?
True
Let p = -66 - -145. Is p a composite number?
False
Suppose -933 = -4*t - q, 178 = t - 3*q - 52. Suppose 5*j - 2458 + t = 0. Is j composite?
True
Suppose 5*x - 2*n = 1, -5*n = -3*x + 9 + 3. Let a = x + 14. Is (2 - -2 - 2) + a composite?
True
Suppose -5*m + 3*m + 2282 = 0. Is m a composite number?
True
Let u(r) = -2 - 4 + r**2 + 2*r + 0*r**2. Is u(-5) composite?
True
Is (-5)/(((-12)/(-76))/(-3)) composite?
True
Suppose 132 = f + 5. Is f a composite number?
False
Let r = -3 - -7. Suppose -x - r = -1. Let l = x - -80. Is l prime?
False
Let q(z) = z**2 - 1. Let p(v) = 4*v**2 - 3*v - 6. Suppose 0 = 2*i - 4*t - 2, 5*i = i + t + 4. Let h(b) = i*p(b) - 3*q(b). Is h(-5) a prime number?
True
Suppose 0 = u + 3*l - 38, 2*u - 2*l = l + 121. Is u composite?
False
Let j be ((-2)/(-1) - 0) + -1. Let r be (-2 + j)/(-1) + 0. Is (-2 - (-2)/r) + 15 a composite number?
True
Let d = 307 + -181. Suppose 3*t - l - d = 0, 2*t - 4*l + 16 = 110. Suppose w = -2*w - 2*z + 115, -w - 2*z = -t. Is w a composite number?
False
Suppose 0 = -2*n + 4, -2*o = -0*o + n + 2. Is 2*o/((-12)/633) composite?
False
Let b(t) = t**3 - 8*t**2 + t - 5. Let s be b(8). Suppose 5*r - 7*d + 3*d - 415 = 0, 0 = -s*r + d + 242. Is r prime?
True
Suppose 0 = 2*n - 1894 + 260. Is n a composite number?
True
Suppose 0 = 2*b + 2 + 2. Let j be b/(-4) - 645/(-6). Let p = j - 49. Is p composite?
False
Suppose -2*c = -6*c - 24. Let d(n) = -n + 1. Is d(c) prime?
True
Suppose 6*n + 0*n = 348. Let b = 149 - n. Is b prime?
False
Suppose 3*b + 720 - 15 = 0. Let x = 116 + b. Is ((-12)/6)/(2/x) a prime number?
False
Is ((-99)/(-12) - 7)/(2/376) a prime number?
False
Let n be (7 + -1)*(-1)/(-3). Suppose n*j - t = 3*j - 491, 2*j - 4*t - 958 = 0. Is j a composite number?
False
Let n = 4 + 0. Suppose -n*u + 24 = -2*v, 11 = -2*v - u + 2. Let l = v - -25. Is l a prime number?
True
Suppose 3*i = 5*c, 13 = -2*c - 5*i + 44. Suppose -345 = -4*g + 2*j + 163, c*g + 4*j - 381 = 0. Is g composite?
False
Let a(f) = 2*f**2 + 8*f - 1. Let v = 4 - 1. Suppose c + 7 = -v. Is a(c) composite?
True
Let f = 66 + -4. Let q = 119 - f. Suppose -5*b + 48 = -q. Is b prime?
False
Suppose 2*b = 4*c + 36, 3*c = -3*b + 51 - 15. Is (-22)/(-1*4/b) a prime number?
False
Is 877/((-4)/(-8)*2) composite?
False
Suppose 0 = -b - 3*n + 32, -b + 4*b + 2*n = 75. Is b prime?
True
Let o(m) = 16*m**3 - m**2. Let n be o(1). Let f be 6*(n/6 - 2). Suppose 19 = f*x - 308. Is x prime?
True
Let q = 64 - -7. Let d be (-392)/18 + (-2)/9. Let m = q + d. Is m a composite number?
True
Let d(z) = z**3 - 1. Let k be d(-2). Let g = k + 13. Suppose -g*i = -2*i - 102. Is i a prime number?
False
Let d(o) = -o**2 + 6*o - 2. Let k(m) be the first derivative of -m**2 - m + 1. Let h be k(-3). Is d(h) a composite number?
False
Suppose -3*d = 2*v + 46, 52 - 3 = -2*d - 5*v. Let g be (-6)/d*1*74. Suppose -2*t - g = -5*w, 28 + 0 = 4*w - 2*t. Is w a prime number?
False
Let u = 170 + -89. Suppose 29 = -4*t + u. Is t a composite number?
False
Is 6 + -4 - -19 - 0 a composite number?
True
Is 30 + 3/(-9)*-15 a prime number?
False
Is (13 + 0)*(-3 - (5 + -9)) composite?
False
Suppose -b = -5*u - 4, -3*u + 9 = 2*b + 1. Suppose -16 = 5*x - 6*g + 4*g, 22 = -5*x + b*g. Is 1/((-2)/(-78)) + x a prime number?
True
Let f(q) = -q**3 - q**2 + 47. Let k be (-6)/(-4) - 9/6. Is f(k) composite?
False
Let n = -363 + 257. Let d = 183 + n. Is d composite?
True
Let n = 10 - 8. Suppose -3*w + 2*d - 1 = -62, n*w - 42 = d. Is w a composite number?
False
Suppose -5*h + 205 = 2*n - 114, 1 = h. Is n a prime number?
True
Let m be 1/(-2 + (-1932)/(-968)). Let w = -33 - m. Is w a composite number?
True
Suppose -4*j + 2*f + 304 = 0, 3*j - 7*j + 5*f + 316 = 0. Suppose -8*k = -6*k - j. Is k prime?
True
Let y = -669 - -1118. Is y composite?
False
Suppose -3*r = -o - 2, -o = -2*r - 2 + 3. Let g be (4 - 1) + (1 - o). Is ((-9)/(-3))/(g/22) a composite number?
True
Suppose 70 = 3*q - 167. Is q a composite number?
False
Let d = 708 + -373. Is d a composite number?
True
Suppose -u + 4*u = 12. Let d(s) = -6*s + 5*s - u + 0. Is d(-6) prime?
True
Let f = 20 - 15. Suppose o = -4*k + 1 + 26, 3*o + k = 103. Suppose o = -4*w - f*g + 147, -5*w + 127 = 3*g. Is w a composite number?
False
Suppose -3*b = -0*b - 63. Suppose b - 228 = -3*q. Is q a composite number?
True
Let t(d) = 99*d**2 + d + 1. Suppose 4 = 4*s + 16. Is t(s) prime?
False
Let q be 3/((-3)/(-54)*-2). Let p = -23 + 39. Let n = p - q. Is n prime?
True
Suppose 2*h - 2 = h. Suppose h*w = -g - 0*w - 5, -g + 2*w = -11. Suppose 3*m - 57 - 110 = -4*r, -163 = -g*m - 2*r. Is m prime?
True
Suppose 24 = -4*d - 5*i + 59, 2*d - 3*i - 23 = 0. Let z = 24 - d. Is (z/(-8))/(1/(-8)) a prime number?
False
Let s(j) = 93*j - 11. Is s(10) a prime number?
True
Let h be 5 + ((-2)/(-2))/(-1). Suppose i + h*i = 40. Suppose -47 = -5*p + i. Is p a composite number?
False
Let s = 5 + 548. Is s a composite number?
True
Suppose -56 = -x + 88. Let r = x + -91. Is r a composite number?
False
Suppose -j + 5*j = 12. Is j a prime number?
True
Let m(a) = -2*a + 2 - 10 + 6*a. Let l be m(6). Let x = 37 - l. Is x a composite number?
True
Suppose 4*x = 4*i - 2 + 22, -3*i - 9 = 0. Suppose -4*t + 204 = x*u - 34, -u = -3*t - 134. Suppose d + 12 - u = 0. Is d a prime number?
True
Let d = -231 - -397. Is d a composite number?
True
Let q be 2/(-10) + (-9)/5. Let x be (q - -20)/3 + -2. Is 32/3 - x/6 composite?
True
Let z(r) = -8*r - 5. Is z(-5) a composite number?
True
Let b = 9 - -6. Let t(z) = -z + 9. Let l be t(0). Let w = b - l. Is w a prime number?
False
Suppose 416 = 4*a - 1532. Is a prime?
True
Let q be (54/8)/((-3)/(-60)). Suppose -130 = -2*x + m, 3*x - 74 = -2*m + q. Is x a prime number?
True
Suppose 0 = -4*h - 7 - 5. Is 68/3 - (-2)/h a composite number?
True
Let o = -202 - -387. Suppose 5*c - o = -0*c. Is c a composite number?
False
Let s(n) = -14*n - 1. Let g(k) = -k**3 - 6*k**2 + 7*k + 2. Let p be g(-7). Let t be s(p). Let m = t + 84. Is m prime?
False
Let j = -7 + 4. Let p be (-4)/(-6) - (-20)/j. Let g = p - -21. Is g a composite number?
True
Let w = -89 - 108. Let q = -51 - w. Is q prime?
False
Let j = 36 - 5. Suppose 0 = 4*x - j + 3. Is x a composite number?
False
Let n(o) = 3*o**3 + 5*o**2 + 7*o - 6. Is n(7) prime?
False
Let n = 19 + -29. Let p be (88/5)/((-2)/n). Let y = p + -53. Is y prime?
False
Suppose 3*o = 4*f - 311, o = -0*o - 4*f - 125. Suppose 6 + 0 = 3*y. Is 2*(o/(-2) + y) prime?
True
Suppose 8808 - 2036 = 4*r. Is r a composite number?
False
Let m(j) = 3*j**3 + 8*j**2 + 5*j + 2. Let d(r) = 10*r**3 + 25*r**2 + 15*r + 6. Let x(u) = 2*d(u) - 7*m(u). Let o be x(-5). Is (0 - o)*175/10 a prime number?
False
Suppose 4*l = -2*n + 2*l + 390, 4*n + 5*l = 784. Is n a composite number?
False
Suppose -4*w + y = -2*y - 1231, 2*w = 2*y + 616. Is w composite?
False
Suppose 0 = -4*q - 5*t + 2137, -2*q + 2*t - 4*t + 1070 = 0. Suppose 4*j - q = 458. Suppose 0 = 3*h - 4*w + w - 159, -5*h = -w - j. Is h composite?
True
Let w(q) = -22*q + 1. Let z(t) = 43*t - 1. Let m(n) = 11*w(n) + 6*z(n). Is m(3) prime?
True
Suppose 2*h = 5*b + 1801, 3*h - 2*b - 2*b = 2719. Is h a composite number?
True
Let s(i) = 49*i**3 + 9*i**2 - 9*i + 5. Let u be s(7). Is ((-2)/6)/((-6)/u) composite?
True
Is 2/(-11) - 780/(-55) a prime number?
False
Let r = 162 - -25. Is r a prime number?
False
Let p(o) be the first derivative of 2*o**3/3 + 3*o**2 + o - 3. Suppose 10*t - 5*t = -30. Is p(t) a composite number?
False
Suppose 12 = 3*k + 27, 0 = 4*h + 5*k - 31. Is h composite?
True
Suppose -j - 2*g = 2*g - 211, -3*g + 15 = 0. Is j prime?
True
Suppose -3*x - 5*v - 1628 = -6*x, 3*v - 1620 = -3*x. Is x a prime number?
True
Let z be ((-1)/(-1))/((-8)/(-16)). Suppose z*i = 6*i - 136. Is i a prime number?
False
Let n = -48 - -83. Is n a composite number?
True
Suppose -2*h + 3*b = -26, b + 65 = 5*h - 2*b. Let m = h - 6. Is m composite?
False
Suppose -2 - 2 = -2*l. Let d = 21 - l. Is d composite?
False
Suppose -3*u + 1242 = -132. Is u prime?
False
L